1288997
What are the prime factors of 5100760627?
5100760627
What are the prime factors of 56560727?
6529, 8663
What are the prime factors of 1934236179?
3, 1801, 13259
What are the prime factors of 1562353687?
1031, 1515377
What are the prime factors of 81568206?
2, 3, 101, 44867
What are the prime factors of 5625619176?
2, 3, 234400799
What are the prime factors of 317753889?
3, 73, 1450931
List the prime factors of 30484521.
3, 3387169
What are the prime factors of 134071782?
2, 3, 13, 1718869
List the prime factors of 86301797.
37, 601, 3881
List the prime factors of 277923869.
61, 1321, 3449
What are the prime factors of 51072987?
3, 7, 37, 65731
What are the prime factors of 60701174?
2, 127, 353, 677
List the prime factors of 645932364.
2, 3, 7, 11, 103, 617
List the prime factors of 4427266770.
2, 3, 5, 71, 73, 9491
List the prime factors of 797381339.
37, 21550847
What are the prime factors of 46743208?
2, 5842901
What are the prime factors of 2110894398?
2, 3, 29, 1347953
List the prime factors of 35951505.
3, 5, 2396767
List the prime factors of 321518063.
109, 2949707
What are the prime factors of 33557135?
5, 19, 59, 5987
What are the prime factors of 16840636?
2, 61, 69019
What are the prime factors of 3402180912?
2, 3, 13, 419401
What are the prime factors of 132211771?
17, 587, 13249
List the prime factors of 4564368080.
2, 5, 17, 31, 108263
What are the prime factors of 887891025?
3, 5, 7, 241603
List the prime factors of 26924606.
2, 13462303
What are the prime factors of 1165349?
1165349
List the prime factors of 183299503.
9323, 19661
What are the prime factors of 3027749505?
3, 5, 11, 18349997
What are the prime factors of 129038605?
5, 59, 421, 1039
What are the prime factors of 3674108?
2, 17, 71, 761
List the prime factors of 2262351576.
2, 3, 23, 4098463
What are the prime factors of 2218303798?
2, 1109151899
What are the prime factors of 527480425?
5, 499, 42283
List the prime factors of 131660433.
3, 14628937
What are the prime factors of 97942146?
2, 3, 79, 127, 1627
What are the prime factors of 1710369092?
2, 191, 2238703
What are the prime factors of 38629250?
2, 5, 11, 1277
List the prime factors of 1108840214.
2, 109, 5086423
List the prime factors of 53500546.
2, 11, 2431843
List the prime factors of 228234174.
2, 3, 7, 5434147
List the prime factors of 27255147.
3, 107, 197, 431
What are the prime factors of 121921436?
2, 7, 13, 23, 14563
What are the prime factors of 2492744870?
2, 5, 7, 11, 61, 73, 727
What are the prime factors of 3384178660?
2, 5, 169208933
What are the prime factors of 124864342?
2, 31, 2013941
What are the prime factors of 127141052?
2, 31785263
List the prime factors of 105942665.
5, 61, 163, 2131
What are the prime factors of 63656559?
3, 41, 167, 1033
What are the prime factors of 1425928041?
3, 503, 314983
List the prime factors of 112306910.
2, 5, 19, 591089
What are the prime factors of 976186991?
13, 75091307
What are the prime factors of 666757?
7, 13, 17, 431
List the prime factors of 5284057935.
3, 5, 13, 2084441
What are the prime factors of 69607356?
2, 3, 7, 13, 63743
List the prime factors of 958516843.
958516843
What are the prime factors of 51274717?
13, 59, 66851
List the prime factors of 1755125284.
2, 11, 39889211
What are the prime factors of 498724691?
257, 1940563
List the prime factors of 1495450871.
601, 2488271
What are the prime factors of 9722596?
2, 13, 181, 1033
What are the prime factors of 576499326?
2, 3, 13, 7391017
List the prime factors of 667497734.
2, 333748867
What are the prime factors of 1590409023?
3, 7, 1545587
List the prime factors of 32947646.
2, 419, 39317
List the prime factors of 160702258.
2, 17, 4726537
What are the prime factors of 2288216782?
2, 5101, 224291
What are the prime factors of 167687814?
2, 3, 7, 3992567
What are the prime factors of 363199750?
2, 5, 977, 1487
What are the prime factors of 4630381?
7, 661483
List the prime factors of 1040300514.
2, 3, 11, 1951, 2693
What are the prime factors of 718783254?
2, 3, 7, 151, 257
List the prime factors of 92875750.
2, 5, 11, 33773
List the prime factors of 2469726689.
661, 3736349
List the prime factors of 346841057.
97, 367, 9743
List the prime factors of 3824199238.
2, 43, 44467433
List the prime factors of 294670155.
3, 5, 13, 1511129
List the prime factors of 16320010.
2, 5, 7, 233143
What are the prime factors of 10697462?
2, 29, 181, 1019
What are the prime factors of 36944365?
5, 7388873
List the prime factors of 4131613417.
4131613417
What are the prime factors of 230726279?
7, 683, 48259
What are the prime factors of 14806333?
2377, 6229
What are the prime factors of 33024534?
2, 3, 5504089
List the prime factors of 29391216.
2, 3, 612317
What are the prime factors of 1917574717?
9649, 198733
What are the prime factors of 383757844?
2, 149, 643889
What are the prime factors of 37524664?
2, 241, 19463
What are the prime factors of 35971795?
5, 71, 107, 947
List the prime factors of 162830655.
3, 5, 13, 61
List the prime factors of 2192235659.
149, 14712991
What are the prime factors of 1420979240?
2, 5, 31, 937, 1223
What are the prime factors of 728188698?
2, 3, 31, 487, 8039
What are the prime factors of 271862363?
151, 1800413
List the prime factors of 3507986268.
2, 3, 43, 67, 149, 227
List the prime factors of 5421413.
5421413
List the prime factors of 187740711.
3, 349, 59771
What are the prime factors of 3649358017?
3649358017
What are the prime factors of 158761448?
2, 59, 5701
List the prime factors of 1749420679.
29, 109, 553439
What are the prime factors of 4784335858?
2, 2392167929
List the prime factors of 6283815731.
1567, 1873, 2141
What are the prime factors of 6722869963?
17, 31, 61, 163, 1283
List the prime factors of 4631641918.
2, 593, 3905263
What are the prime factors of 162014693?
53, 137, 421
List the prime factors of 1401543877.
41, 34183997
What are the prime factors of 1017107600?
2, 5, 281, 9049
What are the prime factors of 10414852?
2, 7, 7591
List the prime factors of 158886756.
2, 3, 7, 131, 4813
List the prime factors of 553045323.
3, 184348441
What are the prime factors of 1914711443?
53, 36126631
List the prime factors of 23682507.
3, 149, 52981
List the prime factors of 44511718.
2, 19, 67, 17483
What are the prime factors of 20708696?
2, 269, 9623
What are the prime factors of 117123111?
3, 7, 61, 10159
List the prime factors of 485571887.
485571887
List the prime factors of 1394147724.
2, 3, 19, 197, 31039
What are the prime factors of 678514028?
2, 43, 389, 10141
What are the prime factors of 81218465?
5, 1229, 13217
What are the prime factors of 4743625065?
3, 5, 8821, 35851
What are the prime factors of 22288067?
103, 353, 613
List the prime factors of 2594253963.
3, 7, 4519, 27337
What are the prime factors of 1604038767?
3, 19, 28141031
List the prime factors of 15358994.
2, 7, 107, 10253
What are the prime factors of 132949558?
2, 7, 47, 97, 2083
List the prime factors of 179094367.
53, 3379139
What are the prime factors of 392398181?
7, 593, 94531
What are the prime factors of 967506766?
2, 41, 149, 79187
What are the prime factors of 303927487?
373, 683, 1193
What are the prime factors of 2690354349?
3, 1087, 275003
List the prime factors of 143522753.
11, 953, 13691
List the prime factors of 138810196.
2, 7, 83, 59729
List the prime factors of 7026786132.
2, 3, 1861, 314651
What are the prime factors of 74500727?
7, 1520423
List the prime factors of 222081863.
17, 1621, 8059
List the prime factors of 256558411.
256558411
What are the prime factors of 1554600064?
2, 19, 383, 1669
What are the prime factors of 287876543?
19, 883, 17159
What are the prime factors of 532542432?
2, 3, 5547317
What are the prime factors of 153358693?
7039, 21787
List the prime factors of 68803978.
2, 19, 431, 4201
What are the prime factors of 114190580?
2, 5, 7, 109, 1069
What are the prime factors of 93140393?
431, 216103
What are the prime factors of 533507059?
337, 1583107
What are the prime factors of 206345662?
2, 19, 67, 81047
List the prime factors of 67791715.
5, 19, 713597
List the prime factors of 45296051.
45296051
What are the prime factors of 2529088053?
3, 823, 1024337
List the prime factors of 1666988.
2, 347, 1201
List the prim